-1 - (-6 - 0))
-1
Calculate (1 - (-5 + 1 - -5)) + -6.
-6
What is the value of -2 + (2 - (-3 - -7)) + 4?
0
Calculate 5 - (-2 + (4 - 0)).
3
What is (-4 - (-4 + -7 + 10)) + 2?
-1
What is 12 - 22 - -14 - 2?
2
-19 + -11 + 19 + 11
0
What is the value of (-7 - -1 - 2) + 4?
-4
Calculate 1 - 1 - (-12 + 14).
-2
Evaluate -1 - (-4 + 2 + 3) - 1.
-3
Calculate 0 + -2 + -3 - -6.
1
-6 - (2 + 0 + -2 + -2)
-4
Evaluate 7 + -11 + 4 + -1 + 1.
0
Calculate -1 + -5 + 7 + 2.
3
Calculate -2 + 2 - (2 + -5 + 2).
1
8 - (1 - (4 - 4) - 0)
7
Calculate -3 + -4 - -2 - -2.
-3
What is -11 + (20 - (7 + -5))?
7
Evaluate 6 + -4 + -3 + 5.
4
Calculate 11 + -6 + -1 + -1.
3
What is (1 - 5) + (-5 - (-1 + -2))?
-6
What is the value of (-2 - (2 - 2)) + 1?
-1
Calculate -5 - (4 - -1) - -5.
-5
What is the value of (2 - (2 - (-2 - -1))) + -3?
-4
Evaluate (2 - -3) + (3 - -1 - 3).
6
Calculate 1 + 3 - 3 - -1.
2
2 + 3 + (-5 - -4)
4
9 - (-8 + (-2 - -14))
5
Evaluate (-1 - 0) + (-7 - -12).
4
3 - (-7 + (19 - 5))
-4
What is the value of -2 + 1 - -5 - (3 - 1)?
2
Evaluate -3 + (2 - -2) - (-1 + -2).
4
Calculate 5 + -2 + 2 + 2 + -9.
-2
What is the value of 0 + 2 - 2 - (45 - 47)?
2
What is 14 + -10 - (2 - (-3 + 1))?
0
Evaluate -9 + 3 + 2 - 1.
-5
Evaluate 6 - (3 + -13) - 10.
6
What is the value of -8 - ((6 - 10) + 0)?
-4
What is the value of 26 + -30 + -2 + 2?
-4
What is the value of 1 - ((-6 - (1 - 8)) + 1)?
-1
Calculate (-2 - -2) + (1 + 1 - -1).
3
What is the value of (-4 - (4 - (4 + -1))) + 11?
6
What is (1 - (-1 + 3)) + -30 + 37?
6
What is the value of -3 - ((1 - (3 + 1)) + 4)?
-4
What is 0 + -4 + 2 + 5 - 2?
1
Calculate (-6 - 1) + 2 + 4 + -3.
-4
Calculate -22 + 5 + (8 - 1).
-10
Evaluate 7 + -4 - (-8 - -8).
3
Calculate (2 + -3 - (-5 - -3)) + -1.
0
Evaluate 4 + -1 - (173 + -159).
-11
What is the value of 2 + -5 + 5 - 2?
0
Evaluate -4 + -1 + 4 + -2 - -7.
4
Evaluate -2 + 4 - -2 - -1.
5
2 + (7 - 15 - 4)
-10
Calculate 4 - 11 - -4 - (1 + 1).
-5
Calculate 66 + -70 - (-5 - -1 - -1).
-1
What is the value of -3 - -5 - (-1 + -1 + 7)?
-3
Evaluate 12 + -35 + -3 + 17.
-9
Evaluate (-3 - (-7 + 3 - -6)) + 0.
-5
What is (0 - 2) + 8 + -4 - 2?
0
-20 + 8 + 8 + -4 - -4
-4
Calculate (-1 - 0) + (-5 - 8 - -9).
-5
What is the value of -2 - (8 + -6 - (-1 + 8))?
3
(0 - -1) + 0 + 10 + -15
-4
What is (-16 - (-1 - -5)) + 11?
-9
(-3 - 5) + 8 - (2 + -3)
1
Evaluate 9 + -4 + 7 + -5 + -5.
2
Calculate 6 - ((-4 - -7) + 3).
0
4 + -9 + 10 - 6
-1
Calculate -1 + 1 - (10 - 7).
-3
Evaluate -4 - -9 - -3 - 6.
2
Calculate (-1 - -1) + (-5 + 8 - 0).
3
2 + -3 + (3 - 10)
-8
Evaluate 4 + 1 + 2 + -4 + -1.
2
What is 4 - (-2 + 8) - (0 + 1)?
-3
Evaluate (-1 - 9) + 5 + 11.
6
6 + 4 + -16 + 6 - 4
-4
What is (4 - 5 - (-2 + 3)) + 5?
3
Evaluate -3 + -7 + 0 - (0 - 6).
-4
Calculate (-2 - 1) + 4 + 1.
2
-12 - (17 + -7 - 7 - 6)
-9
What is the value of 5 + (-1 - 2) + 21 + -28?
-5
What is the value of -16 + 12 + 10 + 1?
7
Evaluate -17 + (3 - (2 + -3)) + 3.
-10
What is the value of (0 - 0) + 2 - (153 - 144)?
-7
3 + 3 + 5 + (-5 - 0)
6
What is the value of -20 + (3 - -6) - -4?
-7
What is the value of (-9 - -6) + 0 + 6?
3
Evaluate 2 - ((-1 - -5) + -2).
0
Evaluate 1 - 5 - -8 - (11 + -3).
-4
Calculate -13 + -3 + 4 + 2.
-10
Evaluate 1 + -1 - (5 + 1 + -7).
1
What is the value of 2 + -8 - (2 + -7)?
-1
-8 + 19 + -15 - (-12 - -1)
7
Calculate -14 + 15 - (4 - -3).
-6
(-1 - 1) + (15 - 13)
0
What is -3 - (1 + -3) - 3?
-4
Calculate -3 + -2 + 5 + 2 + -7.
-5
Evaluate (-6 - 1 - (-2 + 2)) + 3.
-4
Evaluate (9 + -7 - 8) + 14.
8
What is the value of -9 - ((6 - 4) + -10)?
-1
What is 8 + -7 + (6 - 2)?
5
What is the value of 7 + -5 - 3 - 2?
-3
Calculate 4 - (-5 - -6) - 2.
1
Evaluate 3 - (-4 - 1 - (9 - 10)).
7
4 - 3 - (2 - -3 - 1)
-3
Calculate (-16 - -11) + (3 - 1) - -6.
3
Evaluate -5 + 12 + -2 + -8 + 3.
0
What is 3 + 4 + -4 - 6?
-3
Calculate 3 + 1 + (-118 - -118).
4
What is the value of 5 + (5 - 11) + 3 + 2?
4
Calculate 5 - (-2 - (-3 + 0)).
4
What is 3 + 2 + 0 + -6?
-1
What is (-4 - 0) + -21 + 12 + 6?
-7
What is 3 + -1 - ((0 - -2) + 1)?
-1
What is the value of -1 - 2 - (-14 + 8)?
3
5 + -11 + -9 + 23
8
What is the value of -1 - -3 - (-3 + 5)?
0
What is (0 - 0) + -5 + 11 - 3?
3
What is the value of 3 + (-1 - 0) - -1?
3
Calculate 1 + (-2 - 2 - (-6 + 4)).
-1
Evaluate (-4 - (1 + 4)) + 0 + 4.
-5
Evaluate -9 + (-3 - (-13 + 4)).
-3
-4 - (10 + -8 + -2)
-4
Calculate -13 + 9 + -3 + 3.
-4
What is (8 - (10 - 8)) + -2 + 1?
5
Evaluate -1 + -3 + -15 + 25.
6
Calculate -6 - (2 - (-1 + 6) - -1).
-4
What is the value of (4 - 3 - -4) + -2 + -3?
0
What is the value of (1 - 4) + 3 + -4?
-4
-7 - (-6 - (-4 - -2))
-3
What is (-1 - (-1 - 4)) + -4?
0
4 + 1 + (-2 - -4 - 4)
3
-6 - ((4 - (-3 + 9)) + 3)
-7
Calculate (1 - (-5 - -2)) + 1.
5
-2 + -2 + 8 - (0 - -3)
1
-3 + (7 - 2) - (2 - 3)
3
Evaluate 2 + (1 - 4 - 2).
-3
-1 + -4 + (-2 + -7 - -13)
-1
What is (-3 - -3) + (1 - (0 + -1))?
2
-5 + -5 + 7 + 0
-3
Evaluate 4 + 0 + -13 + 7.
-2
What is the value of 1 + -2 - (1 - 8)?
6
What is the value of -10 - (7 - (0 - -16))?
-1
Evaluate (10 - (-5 + 10)) + -1.
4
Calculate -3 + (-2 - -8) - 1 - 6.
-4
Calculate 1 - (4 - (2 - -1)) - -5.
5
What is 3 + 24 + -23 - (0 - 1)?
5
Evaluate (1 + (0 - 1) - 2) + 5.
3
What is the value of -8 + -8 + 15 + -2?
-3
-14 - (-10 + -9 - -7)
-2
-2 - (-1 - (-5 - -1))
-5
-3 - (1 + -2) - -4 - -2
4
What is 7 + (-17 - ((0 - 0) + -3))?
-7
What is -3 - -2 - (-17 - -20)?
-4
Evaluate -5 + -1 + 0 + 5.
-1
Evaluate (-4 - -4) + 4 - (12 + -2).
-6
Calculate 4 - 2 - (7 - 1) - 5.
-9
Evaluate 0 - (-2 - (-1 + -1)).
0
Evaluate -8 - -13 - ((0 - 2) + 3).
4
Calculate (-3 - (-2 - -2)) + (1 - -1).
-1
Evaluate (-3 + (-5 - -4) - -8) + -8.
-4
What is the value of 7 + -7 + 2 + 0?
2
What is -3 + -3 + 23 + -12 + 2?
7
Evaluate 0 + -3 - (35 + -39).
1
(-2 + 6 - 0) + 0
4
What is the value of 13 + -11 + (2 - 0) - 2?
2
Calculate -1 - (-3 - -4) - -6.
4
What is 3 - (1 + -6) - 13?
-5
Calculate (5 - (6 - 5) - 6) + 7.
5
Calculate -27 + 9 + 8 - -7.
-3
9 + -7 + 3 - 2
3
4 - (6 + -4 + -1 + 2)
1
Calculate (-1 - -1) + 1 + (0 - 2).
-1
-5 + (-7 - (3 - -2 - 8))
-9
Evaluate 3 + 2 + (1 - 4).
2
What is the value of -5 + 12 + -5 + -1?
1
What is the value of -16 + 21 + -7 + 2?
0
What is 11 - (15 - 26 - -13)?
9
What is -1 + -9 + 2 - -2?
-6
2 + -2 + (-17 - -13)
-4
Evaluate -3 + (4 + -6 + 7 - -6).
8
What is 1 + 3 - (-9 - (1 + -13))?
1
Evaluate -3 - 2 - (-3 + -3).
1
What is 4 - 3 - 3 - 3?
-5
Calculate (2 - 3 - (1 - -3)) + 2.
-3
What is the value of -9 + 0 - (0 - 4)?
-5
Evaluate (-4 + 2 - 1) + 1.
-2
What is the value of 4 + -22 + 17 + (-2 - 1)?
-4
Calculate (1 - -3) + (-7 - 0).
-3
2 - (1 + 0) - 0
1
What is the value of -8 + (0 + 2 - -3) + 4?
1
Calculate -6 + (-5 - -7) - (-3 - 0).
-1
Calculate 5 + -10 - -6 - (-3 + 1).
3
(1 - (-3 + 1)) + (5 - 9)
-1
What is the value of -9 - -2 - (-16 + 5)?
4
What is (-4 - 0) + 11 + -3 + 1?
5
What is the value of 2 + (-2 - (-1 + 1 - 4))?
4
5 + -4 + 4 + -2 + 0
3
5 + (0 - 7 - (5 + -11))
4
What is the value of -8 + (11 - 6) + 6?
3
What is -3 - (-6 - -3 - 4)?
4
Calculate -3 - (0 - 1) - (190 + -195).
3
-2 + 4 + -3 - 1
-2
171 + -156 - (5 + 0)
10
(-1 - -9) + -17 + 2
-7
Evaluate -1 + (4 - 6) + 0 - 2.
-5
Evaluate (-1 - 4) + -21 + 26.
0
Evaluate 11 + -1 - 5 - 4.
1
Evaluate -6 + -9 - 0 - -8.
-7
Calculate 4 - (-1 + 0) - (-176 + 176).
5
Evaluate (-15 - -2) + 6 - -6.
-1
(5 - 2) + (-5 - -1) - -4
3
-9 - -5 - (2 + -3)
-3
Evaluate -7 - -8 - (-3 - -2).
2
What is the value of (0 + 0 - (25 - 37)) + -5?
7
2 + 2 - (6 - 2)
0
What is 5 - (-6 + (3 - -4) + 5)?
-1
What is 1 + -3 - (-19 - -9 - -3)?
5
Calculate -9 + 4 + -3 + 4.
-4
Evaluate -3 + (-36 - -42) + (-7 - -1).
-3
Calculate -4 + 5 - ((1 - -1) + -2).
1
What is the value of 2 - (0 - 3 - -3)?
2
What is 4 + -6 + -6 + 8?
0
Calculate 5 - (-1 - -3 - 7 - -4).
6
Evaluate -2 + (0 + 5 - 4) + 2.
1
Calculate 1 + (-13 - -13) + 7.
8
What is the value of -5 - (3 - 4) - -3?
-1
What is (3 - -8) + -21 - -14?
4
What is -2 - ((5 - 6) + 2)?
-3
What is the value of 2 + 0 + 1 + 0 - 2?
1
What is (6 - (3 + 0)) + -10?
-7
What is the value of -9 - -17 - (1 + 3)?
4
What is the value of -13 - -10 - (-2 - (2 + 2))?
3
Calculate -4 + (-6 - -5) + 8.
3
Evaluate -5 - (-5 + 3) - (0 + -2).
-1
1 - (8 - 7) - (-2 + -1)
3
(0 - 2) + (10 - (0 - -6))
2
Calculate 2 + (-5 + 8 - 1 - 5).
-1
Calculate -2 + (1 - (2 + 1)).
-4
Calculate (0 - -1) + (5 - 8).
-2
What is 